. Let u = c + 716. Calculate the remainder when u is divided by 97.
95
Suppose -9*z = -40*z - 93. Calculate the remainder when (-1512)/(-9) + 2*z is divided by 28.
22
Let d(y) = 23 + 28 + 7*y - 45 + y**2 - y. What is the remainder when d(-17) is divided by 22?
17
Let g = 5393 - 5285. What is the remainder when 506 is divided by g?
74
Suppose -76 = 5*o - 2671. Calculate the remainder when o is divided by (-3)/(-10)*-1 + -14465*(-135)/74250.
25
Let h = 202 + -197. Suppose -18*t + 2223 = -h*t. What is the remainder when t is divided by 53?
12
Let i(b) be the second derivative of -b**3/6 + 385*b**2/2 - 19*b. Let j be i(0). Let w = j + -214. What is the remainder when w is divided by 29?
26
Suppose 0 = -23*y + 27*y, -2*r - 4*y = -346. What is the remainder when r is divided by -1 + 3 + 23 + 1?
17
What is the remainder when (12 - 29) + 4306 + 15 is divided by 7?
6
Let w = -47 + 49. Suppose -w*y + 7*y = 20. Suppose i + 5*x - 19 = 0, 5*i + 2*x = y + 22. What is the remainder when 13 is divided by i?
1
Suppose w - 7 - 29 = 0. Let a(q) = 2*q**2 - 2*q + 3. Let s be a(2). Suppose -14*b + 735 = -s*b. Calculate the remainder when b is divided by w.
33
Suppose 4*u + 29*v = 24*v + 3467, 0 = -v - 1. Let s = -757 + u. What is the remainder when s is divided by 57?
54
Suppose -28513 = -14*b + 22742 - 6091. What is the remainder when b is divided by 6?
4
Let a = 4364 - 4341. What is the remainder when 412 is divided by a?
21
Suppose 68*o + 7753 - 749 = 0. Let x(v) = 30*v - 2. Let n be x(-2). Let d = n - o. What is the remainder when 80 is divided by d?
39
Let u(t) = 5*t**3 - 6*t**2 + 12. Let o(g) = -4*g**3 + 6*g**2 - 13. Let q(l) = -3*o(l) - 2*u(l). What is the remainder when q(4) is divided by 27?
20
Let s = 38 - -128. What is the remainder when 397 is divided by s?
65
Let d(v) = 311*v + 381. Calculate the remainder when d(0) is divided by 4.
1
Suppose o - 3*x + 6 = -o, 0 = -5*o + x + 11. Calculate the remainder when (-3954)/(-21) + o + 4/(-14) is divided by 48.
47
Let k(n) be the second derivative of n**4/6 + 5*n**3/3 - 47*n**2 - 46*n. Calculate the remainder when k(-14) is divided by 53.
52
Suppose -2572 + 1060 = -14*b. Let i = b - 84. What is the remainder when 166 is divided by i?
22
Let h(l) be the first derivative of -l**2 + 53*l - 28. Let s be h(10). What is the remainder when 24 is divided by 303/s + 4/(-22)?
6
Suppose -2*h = 2*y - 500, 4*h = 4*y - 0*y + 1008. Let i = 319 - h. Let a(v) = 3*v**2 + 5*v + 2. What is the remainder when i is divided by a(-3)?
12
Suppose -123*r + 126*r - 108 = 0. What is the remainder when 304 is divided by r?
16
Let i = 6998 - 6887. What is the remainder when 1549 is divided by i?
106
Suppose 0 = 4*o + 5*z - 82, 82*o - 81*o + 4*z - 15 = 0. Calculate the remainder when 35372 is divided by o.
21
Suppose -3*q = -5*r - 15 + 85, -4*r + 56 = -q. Let m = -376 - -225. Let f = -84 - m. What is the remainder when f is divided by r?
11
Suppose 5*p - 2*l + 4 = 0, -4*l = -5*p + 3 - 11. Suppose 2*q - 5*c = 15, -3*c - 1 = q - 36. Calculate the remainder when q is divided by 6 + p + 7 + -6.
6
Let y be (-1)/(8/(-20)) - 1544/16. Let t = 120 + y. Calculate the remainder when 118 is divided by t.
14
Let a(l) be the first derivative of l**4/2 - l**3 + l**2 + l - 6. Let j be a(5). Suppose -j = 12*c - 15*c. Calculate the remainder when c is divided by 22.
18
Suppose -267*p - 9625 + 36009 = -131*p. What is the remainder when p is divided by 62?
8
Suppose -d - 79*h + 247 = -77*h, -1 = -h. Calculate the remainder when d is divided by 10.
5
Let b(g) = -4 + 3 - 3*g - 1 + 0. Calculate the remainder when b(-4) is divided by 2 - (3 + 2*-4).
3
Let w = -3418 - -3485. What is the remainder when 5491 is divided by w?
64
Suppose 112149 = -632*m + 364317. What is the remainder when m is divided by 98?
7
Suppose 51 = 19*q - 294 - 206. Let f = 16 - 3. Calculate the remainder when q is divided by f.
3
Let u = 17528 - -3009. What is the remainder when u is divided by 6?
5
Suppose -25088*s + 25095*s = 2541. What is the remainder when s is divided by 52?
51
Let k = 22 + -17. Let q(p) = -k*p + 0 - 8 + 2 - 14*p. What is the remainder when 63 is divided by q(-1)?
11
Let l(o) = 18*o + 31. Let m be l(12). Suppose 5*n - m = 38. What is the remainder when 282 is divided by n?
54
Let s be 0 - (-8)/((-40)/(-15)). Let q = 20 + s. What is the remainder when 78 is divided by q?
9
Let u(g) be the third derivative of -3*g**4/8 - 5*g**3/6 - 16*g**2. Let i be u(-1). Let m(a) = a**2 + a + 17. What is the remainder when m(i) is divided by 15?
7
Let q(w) = 8*w**2 + 8*w - 20. Let u be q(5). Suppose 11*v - u = -33. Calculate the remainder when v is divided by 3.
2
Let l = -9 - -55. What is the remainder when l is divided by 436/18 - 376/1692?
22
Calculate the remainder when (-141)/18 - -8 - 487532/(-24) is divided by 239.
238
Let g(l) = 15*l + 17. Let n(a) = -1. Let x(m) = g(m) + 3*n(m). Let h be 13 + 8 + -4 + -5. Calculate the remainder when x(h) is divided by 49.
47
Let q = 1478 - 1431. Let b = 45 + -82. Let l = q + b. Calculate the remainder when 25 is divided by l.
5
Let c(r) = -2*r**3 + 18*r**2 + 20*r - 28. What is the remainder when c(7) is divided by 45?
38
Let p(z) = -z + 26. Suppose -252 = -16*v + 12*v. Suppose -4*l = -4*w + 76, -3*w + 2*l + v - 7 = 0. Calculate the remainder when w is divided by p(16).
8
Let r(u) be the third derivative of u**5/60 + 25*u**4/24 + 131*u**3/6 - 4*u**2 + 13*u. What is the remainder when 13 is divided by r(-7)?
3
Suppose 0 = 5*r - 3*t - 37, -t + 7 = r - 2*t. Calculate the remainder when (-477)/(-7) - 6/336*r is divided by 39.
29
Suppose -4*p = 2*l + 178, -3*l - p + 6*p = 212. Let i = 132 + l. Calculate the remainder when i is divided by 5.
3
Let v(z) = -z**3 - 16*z**2 - 215*z + 6. What is the remainder when v(-27) is divided by 152?
150
Let v(a) = 86*a + 7936. What is the remainder when 1921 is divided by v(-92)?
1
Let j(v) = 33*v - 35. Let w be j(8). Suppose -5*b = 2*t - w, 4*t = -2*b + 63 + 35. Let x = 46 - b. Calculate the remainder when 3 is divided by x.
0
What is the remainder when (-1)/(-6 + (-64772)/(-10796)) is divided by 180?
179
Let l be 6/36 - (1 - 46/12). Let t(d) = 134*d - 1. Let s be t(1). Suppose -5*w - 53 = -k - 280, s = l*w + k. Calculate the remainder when w is divided by 16.
13
Suppose 6*r + 1249 + 23 = 0. Calculate the remainder when r/(-8) - 4/(-8) is divided by 5/(-4 + 24) + 195/20.
7
Suppose -2*b = 2*h - 14, h - 3 - 16 = -5*b. Suppose b*q - 10 - 23 = 0. Let g = 3383 - 3362. Calculate the remainder when g is divided by q.
10
Let r(f) = 6*f + 254. Let h be r(-39). Suppose -h = -4*p, 8*a - 3*p = 4*a + 389. Calculate the remainder when 601 is divided by a.
96
Let c(h) = -3*h + 12. Suppose -23 = 3*d + 2*z, -2*d - 12 = z - 3*z. Let o = 182 - 175. What is the remainder when c(d) is divided by o?
5
Let u = 27 + -22. Suppose -u*p = -1 - 9. Calculate the remainder when 42 is divided by (2 - 6)*(-11)/p.
20
Let f(g) = -4*g**3 - 13*g**2 - 23*g + 6. Let h be f(-6). Let x = 554 - h. Let i(v) = 10*v + 5. What is the remainder when i(6) is divided by x?
9
Let y(h) = -28*h - 208. Let l be y(9). Let b = -338 - l. What is the remainder when b is divided by 31?
29
Let o(v) = 3*v**3 + 43*v**2 + 12*v. Let f be o(-14). What is the remainder when ((-1)/(-2))/((-2)/(-276)) is divided by ((-2)/(-8) - 19/(-76))*f?
13
Suppose 354*g + 6034 = 20548. What is the remainder when 1032 is divided by g?
7
Let d(q) = -q**3 + 34*q**2 + 22*q - 112. Let m be d(34). Suppose -287*l - m = -293*l. What is the remainder when l is divided by 27?
25
Let g(n) = 3*n - 1. Let b(r) = 8*r - 158. Let d(h) = b(h) - 6*g(h). Calculate the remainder when 46 is divided by d(-16).
6
Suppose 21*a - 13*a = 1440. Let h = 210 - a. What is the remainder when 86 is divided by h?
26
Suppose -5*g + 20 = 5*h, 3*h - 78*g + 80*g = 15. Suppose 12 = -3*i + 168. Suppose -y - i = -5*y. What is the remainder when y is divided by h?
6
Let k = 9908 + -19673. What is the remainder when (0 - -1)*1*k/(-45) is divided by 13?
9
Suppose -2*r + 4*f + 402 = 0, 3*r - 372 = f + 266. Calculate the remainder when 39559 is divided by r.
214
Let v(l) = 47*l - 1523. Calculate the remainder when 834 is divided by v(33).
22
What is the remainder when 14542 is divided by (-18)/27 - 1200/(-72)?
14
Suppose 192 = -9*a 